 -10 - 3 - c + 1. Give g(i).
-2
Let r = 10 + -5. Let f(m) be the third derivative of -m**4/12 - m**3/6 + 2255*m**2 - 2. Give f(r).
-11
Let u(q) = -q**3 + 18*q + 25*q + 8*q**2 - 10 + 25*q + 4 - 58*q. Let o(w) = -w + 2. Let g be o(-7). What is u(g)?
3
Let g(c) = -c**2 - 51 - 48 + 141 - 7*c + 2*c**2 - 47. Let n = -39 + 48. Give g(n).
13
Let l(s) = -2*s**2 + 7*s + 6. Suppose -5*z - 6*c + 5*c - 8 = 0, -14 = 2*z + 4*c. Give l(z).
-3
Let t(v) = 243*v + 283. Let d(f) = -52*f + 1. Let s(z) = 5*d(z) + t(z). Calculate s(17).
-1
Let r(w) be the third derivative of -w**5/60 + w**4/24 + 2*w**3 - 602*w**2. What is r(3)?
6
Let q(d) be the second derivative of -d**3/2 - 3*d**2 + d. Let b = 173 + -151. Suppose b*v + 77 = -11. Determine q(v).
6
Let g(w) = 2*w**2 + 11*w - 6. Suppose -252*x + 250*x - 30 = 5*v, 3*v = -5*x - 37. Calculate g(x).
-11
Let s(q) be the second derivative of q**5/5 - 16*q**3 + 39*q. Let t(m) be the second derivative of s(m). Give t(1).
24
Let u(d) = 5*d - 1. Let v(b) = 7*b**3 + b**2 + 3*b + 5. Let j be v(-2). Let w = j + 56. Suppose 0 = w*m - s - 2*s - 9, m - 2*s = 8. Give u(m).
-11
Let q(v) = 28*v**2 - 29*v - 15. Let i(l) = 5*l**2 - 6*l - 3. Let j be 952/85 + -2*3/30. Let f(b) = j*i(b) - 2*q(b). Let m be 1 + -1 + 1 - 8. Calculate f(m).
4
Let i(w) = 2*w**3 - 18*w**2 - 3*w - 10. Let a(u) = -349*u - 7320. Let x be a(-21). What is i(x)?
-37
Suppose -52 + 42 = -5*x. Let a(u) = 4*u**2 - x*u - 11*u**3 - 3*u**2 + 10*u**3 + u - 40. Give a(0).
-40
Let d(r) = -22*r - 155. Let c(k) = -2*k - 26. Let t(m) = -6*c(m) + d(m). What is t(-6)?
61
Suppose 328 = 8*y + 240. Let p(c) = -y*c - 10 - 9 + 22 - 1. Determine p(1).
-9
Let f = -286 + 295. Let v(a) = 2*a**2 - 13 - 12 + 27 + a**3 - f*a. Give v(-4).
6
Let c(b) = -26493*b + 5*b**2 - 10*b**2 + 4*b**2 - 15 + 26502*b. Suppose -t + 2*t = 6. Determine c(t).
3
Let c(m) = -5*m + 6 + 4*m + 10 - 15 + 0*m. Suppose -3*x + 3 + 27 = 0. Let n = x - 7. Determine c(n).
-2
Let a(o) be the first derivative of 5*o**2/2 + 64*o + 777. Calculate a(-14).
-6
Let a(t) = -5*t + 6*t - 1 + 6*t. Let o = 8783 + -8782. What is a(o)?
6
Let z be (-2)/(1/(6/2)). Let g(s) = -s + 1. Let f(n) = n**2 + 3*n - 4. Let y be 153/(-135) + (-6)/(-45). Let m(u) = y*f(u) + g(u). Calculate m(z).
-7
Let s(n) = -12*n + 27. Let c be s(5). Let m = 36 + c. Let a(o) = o - o**2 + 6*o**2 + 2 + o**3 - 3*o - 8*o**2. What is a(m)?
-4
Let w(s) be the second derivative of 4*s**3/3 - 49*s**2/2 + 1879*s - 1. Determine w(-14).
-161
Let t(k) = 2*k. Suppose y + 3*v - 8 = 0, 2*y - 5*v - 11 = 5. Suppose -28*h = -26*h - y. Calculate t(h).
8
Let v = -42 + 66. Suppose a + v - 26 = 0. Let k(h) = -2*h**2 - h - h**3 + 3*h + a*h + 0*h**2 + 1. What is k(-3)?
-2
Let f(r) = 12*r - 2. Let g(y) = -y**2 - 22*y - 58. Let n be g(-19). Calculate f(n).
-14
Let g(x) be the third derivative of x**4/24 - x**3/3 - 2*x**2 - 1294. What is g(7)?
5
Let c(a) = -a**3 + 6*a**2 + 19*a - 12. Let l be c(8). Suppose -4*x - 2 + l = 5*q, 5*q = 5*x + 10. Let i(f) = 5 - q*f**2 - 13 - f + 6. Calculate i(-2).
-8
Let m(l) = l + 1. Let v be (-3)/(12/8) - 4. Let f(d) = -3*d**2 + 1327 - 660 + 8*d - 8*d**2 - 662. Let z(w) = v*m(w) + f(w). What is z(1)?
-10
Let g(b) = -3766544 + 3766547 - 9*b**2 + 4*b + 0*b**3 + 2*b**3. Calculate g(4).
3
Let k(j) = j**3 - 7*j**2 + 6*j + 5. Let l = 6 + -1. Suppose -27 - 3 = -l*m - 4*u, 2*m + 4*u - 12 = 0. Calculate k(m).
5
Suppose 0 = 11*g - 130 - 90. Let w(h) = 2*h**2 + 0*h**2 - g - 4*h**2 - 4 - 6*h + 41*h. Determine w(17).
-7
Let n(v) = -6*v**2 + 1. Let c(d) = -2*d**3 - 43*d**2 - 11*d - 14. Let p(u) = -c(u) + 6*n(u). Determine p(-3).
-4
Let r be -9*(-4)/60*(-575)/(-15). Let g(o) = -3*o**3 + 69*o**2 + o - 18. Give g(r).
5
Let x(w) be the first derivative of -w**3/3 + 3*w**2/2 - 5*w + 12304. Suppose -o + 3 = -r, -9 = -3*o + 2*r + 2. Calculate x(o).
-15
Let p(u) = -u**3 - 5*u**2 + u + 5. Let l be ((-2 + 12)/2 - 8) + -1. Give p(l).
-15
Let v(o) = -12*o**3 - 13*o**2 - 9*o - 21. Let j(g) = 5*g**3 + 6*g**2 + 4*g + 11. Let f(n) = 5*j(n) + 2*v(n). Determine f(-4).
5
Let h(o) = o. Let g(c) = c**3 - 10*c**2 + 2*c - 6. Let q be g(10). Suppose -3*w - 9 = 3*n, 4*w - q*n = -13*n - 7. Determine h(w).
-2
Let u(l) = 3088 - 6186 - l**2 + 2*l - 5*l + 3091. Determine u(-8).
-47
Let l = -5105 - -5102. Let q(a) = 19*a + 26. Determine q(l).
-31
Let q(u) = -50*u + 392. Let s be q(8). Let p(o) = 6*o + 49. Determine p(s).
1
Let y(u) = -4*u**2 + u + 657. Let l be y(13). Let r(b) = b**3 + 6*b**2 - 4*b - 2. Calculate r(l).
22
Let o(m) be the second derivative of 19*m**3/6 + 227*m**2/2 + 2*m + 4717. Determine o(-12).
-1
Let t(u) = -3*u**2 - 5*u - 10. Let w = -113 - -116. Let v(f) = 2*f**2 + 3*f + 9. Let q(z) = w*t(z) + 4*v(z). What is q(-6)?
-12
Let w(x) = x. Let b(h) be the second derivative of -5*h**3/6 + 5*h**2/2 + 18*h. Let l(y) = -b(y) - 4*w(y). What is l(9)?
4
Let m be ((-2)/3)/(184/(-828)). Let r(c) = c**2 - 1. Calculate r(m).
8
Let v(z) = -9*z**2 - 12*z - 6. Let a = -89 + 92. Let j(f) = 7*f**2 + 13*f + 7. Let m(q) = a*v(q) + 4*j(q). Give m(-15).
-5
Let u(o) = 41 - 47 + 7*o + o**2 - 2*o**2. Suppose -11 = 4*x + 1, h - 89 = x. Let r = -79 + h. What is u(r)?
-6
Let x(q) = q**3 - 13*q**2 + q + 7. Let d be x(13). Suppose -d = 7*g - 9*g. Let a(z) = 3*z - g*z**2 + 3 - 4 - z - 5*z**3 + 9*z**2. Give a(1).
-5
Let s(k) be the second derivative of -k**3/6 - 5*k**2 - 2*k. Let a(x) = 41*x - 12 - 21 - 34*x. Let l be a(4). Calculate s(l).
-5
Let p be ((-3)/(-20) - 2/(-8)) + 10660/(-1025). Let y(d) = d**2 + 10*d + 29. Give y(p).
29
Let a(g) = 7*g - 1. Let d(x) = -x**3 + 7*x**2 - 6*x - 1. Suppose 4*s + 13 = -2*l - s, l - 3*s - 21 = 0. Let o be d(l). What is a(o)?
-8
Let i(o) = o**3 - 3*o**2 - 5*o + 5. Let p(r) = r**2 + r - 1. Let d(f) = i(f) + p(f). Let c = -6196 - -6199. Give d(c).
1
Let k(l) = 3*l**2 - 9*l - 5. Let j be 578/119 - (-5)/35. What is k(j)?
25
Let w(p) = 13*p**3 - 5*p**2 + 4*p + 95. Let z(a) = 11*a**3 - 8*a**2 + 4*a + 96. Let v(b) = -6*w(b) + 7*z(b). Calculate v(-26).
-2
Let x be 14 + ((-24)/(-11) - (-8)/(-44)). Let r(s) = 148*s**3 - 147*s**3 - 2*s - 8 + 20*s - x*s**2 - 26 - s. Calculate r(15).
-4
Let o(n) = n**3 + 4*n**2 + n. Suppose 0 = -4*u + a - 21, 2*u - 5*a + 37 = -u. Let x = 26 - u. Let h = x - 34. Give o(h).
-4
Let g(j) = -j**2 + 2*j + 6. Let m(t) = -t**2 + 12*t + 2. Let c(n) = n**2 - 15*n - 1. Let i(l) = 3*c(l) + 4*m(l). Let h(y) = -4*g(y) + 5*i(y). Determine h(8).
-7
Let g(n) = -4*n - 18. Let b be g(-5). Let o(i) = 6*i**2 - 12*i**2 + i**b - i + 6*i**2. Give o(3).
6
Let t be (-1178)/(10/(-35)*-7). Let v = -599 - t. Let m(a) = -a**3 - 9*a**2 + 11*a + 11. Give m(v).
1
Suppose -9 + 3 = -2*v. Suppose 6*r - 25*r = -76. Let x(w) = -w - 12 + 11 - r + 9. Give x(v).
1
Let h be -2 - (2 + 2/(-1)). Let d(y) = -4*y**3 + 4*y**2 + 21*y + 3. Let k(o) = 9*o**3 - 8*o**2 - 45*o - 6. Let b(l) = 11*d(l) + 5*k(l). Determine b(h).
-1
Suppose -5*x + 212 = l, -3*l + 8*l = 3*x + 1116. Let y(i) = 110*i - l*i + 128*i. Calculate y(-2).
-32
Let t(y) = 17*y + 25. Let f(q) = 32*q + 52. Let v(k) = 6*f(k) - 11*t(k). Give v(7).
72
Let v(a) = -a**3 + 5*a**2 - 5*a - 3. Suppose 3 = -5*f + 2*f, 5*f - 59 = -4*z. Suppose -4*c - 3*l + z = 0, -l - 12 = 5*c - 8*c. Give v(c).
-7
Let v(o) = 64*o + 1082. Let w be v(-17). Let k(y) = 2*y - 23. What is k(w)?
-35
Let r = 34844 - 34834. Let k(x) be the third derivative of x**6/120 - x**5/6 - 5*x**3/6 - x**2. Give k(r).
-5
Let n(f) be the first derivative of f**2/2 - 10*f - 454. Let k(j) = -j**2 + j + 6. Let b be k(0). Calculate n(b).
-4
Let b(k) be the first derivative of -k**3/3 - 4*k**2 - 8*k + 2022. Let z = -10 + 4. What is b(z)?
4
Let i(h) = -h**3. Let c be (-1 - -1)*7/((-126)/6). Let x be i(c). Let u(d) be the first derivative of d**3/3 - d**2/2 + 7*d + 11. Calculate u(x).
7
Let p = -4 + 9. Let d(l) be the second derivative of 0 - l**2 + 23*l - 1/3*l**3. Determine d(p).
-12
Let b be (-7)/(((-4)/4)/(-1)). Let a(g) = 7*g + 16. Let f(s) = -s**2 + 18*s + 25. Let x be f(19). Let p(n) = -n - 1. Let z(q) = x*p(q) + a(q). What is z(b)?
3
Let h(a) = 15*a**2 - 1. Let c(p) be the first derivative of 3*p**2 - 35*p + 7. Suppose 5*x + 3*j - 13 - 2 = 0, 2*x = -4*j - 8. Let r be c(x). What is h(r)?
14
Let w(a) = -a**3 - 4*a**2 - 3*a + 2. Let j be 0 + -5 - -1*12. Let q(t) = -7*t + 45. Let y be q(j). Give w(y)